of 56 and 497.
7
What is the highest common divisor of 44 and 55?
11
What is the highest common divisor of 41 and 14473?
41
Calculate the greatest common divisor of 37777 and 37.
37
Calculate the greatest common divisor of 176 and 1166.
22
Calculate the greatest common divisor of 5 and 5.
5
What is the greatest common factor of 1 and 4?
1
What is the highest common factor of 2142 and 34?
34
What is the greatest common factor of 28 and 49?
7
Calculate the greatest common factor of 88 and 2024.
88
What is the greatest common divisor of 24808 and 56?
56
What is the highest common factor of 138 and 546?
6
What is the greatest common factor of 36 and 198?
18
What is the greatest common divisor of 315 and 360?
45
What is the highest common divisor of 1034 and 22?
22
Calculate the greatest common factor of 4 and 7836.
4
What is the highest common factor of 56 and 1624?
56
What is the greatest common divisor of 1551 and 141?
141
Calculate the greatest common factor of 180 and 12480.
60
Calculate the highest common factor of 3069 and 66.
33
Calculate the highest common divisor of 17 and 731.
17
Calculate the greatest common factor of 1 and 97.
1
What is the highest common factor of 376 and 67492?
188
What is the highest common factor of 48 and 1200?
48
What is the highest common divisor of 2702 and 14?
14
Calculate the greatest common divisor of 177 and 5133.
177
Calculate the greatest common divisor of 14 and 70.
14
Calculate the greatest common divisor of 6 and 18.
6
What is the highest common factor of 1920 and 30?
30
What is the greatest common factor of 28558 and 262?
262
Calculate the highest common divisor of 5628 and 24.
12
What is the highest common divisor of 80 and 15?
5
Calculate the highest common divisor of 351 and 806.
13
Calculate the highest common divisor of 120 and 135.
15
What is the highest common divisor of 138 and 2760?
138
What is the greatest common factor of 225 and 1275?
75
Calculate the greatest common divisor of 902 and 410.
82
What is the greatest common factor of 91 and 689?
13
What is the highest common divisor of 87 and 377?
29
Calculate the greatest common factor of 35 and 56.
7
Calculate the greatest common factor of 88 and 4888.
8
What is the greatest common factor of 72 and 9?
9
What is the highest common divisor of 117 and 13?
13
What is the greatest common factor of 12493 and 26?
13
Calculate the greatest common factor of 1674 and 124.
62
Calculate the greatest common factor of 136 and 884.
68
Calculate the greatest common divisor of 16338 and 42.
42
What is the highest common divisor of 465 and 3410?
155
What is the highest common divisor of 6 and 35964?
6
Calculate the greatest common divisor of 84 and 462.
42
Calculate the greatest common factor of 459 and 27.
27
What is the greatest common divisor of 47 and 2209?
47
Calculate the highest common divisor of 14685 and 5.
5
What is the highest common factor of 255 and 1989?
51
Calculate the highest common factor of 10318 and 42.
14
Calculate the greatest common divisor of 27 and 117.
9
What is the highest common divisor of 592 and 148?
148
What is the highest common divisor of 15 and 55?
5
Calculate the highest common factor of 158 and 474.
158
Calculate the greatest common divisor of 1548 and 1376.
172
Calculate the highest common divisor of 3726 and 230.
46
What is the greatest common divisor of 22790 and 10?
10
What is the greatest common factor of 1716 and 432?
12
What is the greatest common factor of 24 and 204?
12
Calculate the highest common factor of 1258 and 3256.
74
Calculate the highest common divisor of 385 and 70.
35
Calculate the highest common factor of 260 and 1885.
65
Calculate the highest common divisor of 42 and 816.
6
What is the highest common divisor of 33 and 1254?
33
Calculate the highest common divisor of 12 and 228.
12
Calculate the highest common divisor of 78 and 312.
78
What is the highest common factor of 2506 and 154?
14
Calculate the greatest common factor of 2416 and 112.
16
Calculate the greatest common factor of 47 and 329.
47
What is the greatest common factor of 207 and 8763?
69
Calculate the highest common factor of 7510 and 40.
10
Calculate the greatest common factor of 10950 and 1200.
150
Calculate the greatest common factor of 32 and 14752.
32
What is the greatest common divisor of 231 and 7469?
77
What is the highest common factor of 176 and 66?
22
Calculate the highest common factor of 234 and 8112.
78
What is the greatest common factor of 9 and 2?
1
What is the greatest common factor of 176 and 88?
88
What is the greatest common divisor of 105 and 42?
21
Calculate the greatest common divisor of 62 and 62.
62
Calculate the highest common divisor of 2 and 5.
1
Calculate the greatest common factor of 150 and 1635.
15
Calculate the greatest common factor of 48 and 60.
12
What is the greatest common divisor of 1200 and 48?
48
What is the highest common factor of 473 and 352?
11
Calculate the highest common factor of 150 and 1275.
75
Calculate the greatest common factor of 39 and 7527.
39
Calculate the greatest common factor of 374 and 110.
22
What is the highest common divisor of 36 and 228?
12
Calculate the greatest common factor of 25 and 7.
1
What is the greatest common divisor of 3 and 51?
3
What is the highest common divisor of 21 and 49?
7
What is the greatest common factor of 389 and 7?
1
What is the greatest common divisor of 98 and 58?
2
Calculate the highest common divisor of 11 and 979.
11
Calculate the greatest common factor of 290 and 58.
58
What is the highest common divisor of 11 and 539?
11
What is the highest common factor of 441 and 392?
49
Calculate the greatest common factor of 77 and 21.
7
What is the greatest common factor of 118 and 1298?
118
Calculate the highest common factor of 2196 and 488.
244
What is the greatest common divisor of 130 and 1?
1
Calculate the highest common divisor of 57120 and 255.
255
What is the highest common factor of 28 and 63?
7
Calculate the greatest common divisor of 266 and 42.
14
Calculate the greatest common divisor of 72 and 264.
24
What is the greatest common factor of 346 and 1903?
173
What is the highest common divisor of 200 and 25?
25
Calculate the greatest common factor of 208 and 1118.
26
Calculate the greatest common factor of 165 and 99.
33
What is the highest common divisor of 135 and 2943?
27
What is the greatest common divisor of 176 and 11792?
176
What is the highest common divisor of 559 and 39?
13
What is the highest common divisor of 8877 and 165?
33
What is the greatest common divisor of 1054 and 850?
34
Calculate the highest common divisor of 36454 and 22.
22
What is the highest common divisor of 94 and 20?
2
What is the greatest common factor of 451 and 22?
11
What is the highest common factor of 117 and 7761?
39
Calculate the highest common divisor of 120 and 1992.
24
Calculate the highest common factor of 7996 and 4.
4
Calculate the greatest common factor of 286 and 104.
26
What is the greatest common divisor of 6392 and 476?
68
What is the greatest common divisor of 24 and 544?
8
Calculate the highest common factor of 960 and 40.
40
Calculate the highest common divisor of 108 and 10.
2
Calculate the highest common factor of 7175 and 410.
205
Calculate the greatest common divisor of 210 and 6489.
21
Calculate the highest common divisor of 493 and 34.
17
What is the highest common divisor of 10 and 5810?
10
What is the greatest common divisor of 1620 and 30?
30
What is the greatest common divisor of 56 and 84?
28
Calculate the greatest common divisor of 186 and 1209.
93
What is the highest common divisor of 57 and 152?
19
What is the highest common factor of 32100 and 300?
300
Calculate the greatest common divisor of 1001 and 77.
77
Calculate the highest common factor of 246 and 7257.
123
Calculate the highest common factor of 10 and 9770.
10
What is the greatest common divisor of 351 and 247?
13
What is the greatest common divisor of 3422 and 348?
58
Calculate the highest common factor of 516 and 172.
172
What is the highest common factor of 8 and 386?
2
What is the highest common divisor of 220 and 1287?
11
What is the greatest common divisor of 51 and 1581?
51
Calculate the greatest common factor of 48 and 1392.
48
Calculate the highest commo